remainder when 11 is divided by u?
3
Calculate the remainder when 7259 is divided by 2 + -17 - (14 - 73).
43
Let y(b) = -113*b - 1457. Let j = 65 - 8. What is the remainder when j is divided by y(-13)?
9
What is the remainder when (3/15 + (-1068)/15)*-38 is divided by 75?
73
Suppose -2*y = q + 7, 21 = 2*q - 14*y + 11*y. Suppose 3 = -z - 0*z, -q*z = -5*j + 279. What is the remainder when j is divided by 5?
4
Let y(j) = j**3 + j**2 - j + 2. Let z be y(-2). Let m(w) = 49 + 66 - 23 + 40 - 2*w. Calculate the remainder when m(z) is divided by 27.
24
Let s be -1 - (-2 - (1320/(-3))/(-5)). Suppose 6*g + 5 = s. Calculate the remainder when 78 is divided by g.
8
Suppose 63*x = -69*x + 4356. Suppose -5*k + 12 + 33 = 0. Calculate the remainder when x is divided by k.
6
Let d = -17 + 20. Suppose -2*r + d*f + 12 = -17, 0 = 4*r + 2*f - 66. Suppose -112 = -22*s + 18*s. What is the remainder when s is divided by r?
12
Let f(i) = 421*i - 11599. Let h = 18 - -21. What is the remainder when f(28) is divided by h?
33
Let l(w) = -w**2 - 20*w + 66. Let p = 95 + -108. Calculate the remainder when l(p) is divided by 18.
13
Let x(a) = 18*a**2 - 4. Let l be x(2). Suppose -18*o + l = -16*o. Calculate the remainder when o is divided by -3 + 7/(14/30).
10
Let v = -19 + 165. Calculate the remainder when v is divided by 5994/112 - 81/216 - 18/126.
40
Let o(a) = 311*a - 45. Calculate the remainder when o(1) is divided by 124.
18
Suppose -4*o = d - 50, -86 = -3*d - o + 5*o. Let m = d + -8. Calculate the remainder when 46 is divided by (-3*m)/(-3) - 1.
21
Suppose 3*b = y - 2457, -b + 12333 = -0*y + 5*y. What is the remainder when y is divided by 65?
61
What is the remainder when 102 is divided by ((-394)/(-30) - 13) + 1569/45?
32
Calculate the remainder when 118 is divided by 13/1*3330/1443.
28
Let b(r) = 13*r - 57. Suppose 0 = -2*w + 4*w - 14. Let y = 29 + -20. Calculate the remainder when b(w) is divided by y.
7
Suppose 0 = -s + 5, 4*m - 10849 = -0*m - 5*s. What is the remainder when m is divided by 43?
40
Calculate the remainder when 18058 is divided by 5/(20/63) + (1275/(-68))/25.
13
Let i(d) = 2*d**2 + 36*d - 18. Let v be i(-25). Suppose -3*s = -y + 83, s - v = -4*y - s. What is the remainder when y is divided by 28?
27
Let t = 570 - 522. What is the remainder when 1*54 - (2 - (2 + -2)) is divided by t?
4
Suppose -86 = -3*q - l, 34 = 2*q - l - 3*l. Calculate the remainder when 12/(-15)*((-22)/(-33) - (-1671)/(-9)) is divided by q.
13
Let i(r) be the third derivative of r**4/12 + 8*r**2. Let n be i(2). Calculate the remainder when 32 is divided by (-11)/(2 - n - -1).
10
Suppose -126*v - 135*v = 52*v - 68547. What is the remainder when 2839 is divided by v?
211
Let n = -352 - -24. Let q = n + 373. What is the remainder when 91 is divided by q?
1
Suppose 0 = 16*y + 6261 - 16917. What is the remainder when y is divided by 42?
36
Suppose -5*d + 4*h = -30, -2*d + 34*h + 12 = 32*h. Suppose -7*t + 82 = -d*t - 5*c, t = -4*c + 82. What is the remainder when t is divided by 7?
5
Suppose 0 = 7*p - 2*x - 5175, 64*p - 67*p + 3*x = -2205. What is the remainder when p is divided by 109?
87
Let j = 7 - -2. Let n = 55 + -55. Suppose n*u + j = 3*u. Calculate the remainder when 16 is divided by u.
1
Suppose -3*d + 96 = -5*i, -2*d + 66 = -3*i - i. Suppose -4*p = -73 - d. Calculate the remainder when 96 is divided by p.
21
Let u be (3/(-6))/((-10)/(-1340)). Let r = u - -176. What is the remainder when r is divided by 22?
21
Suppose -10 = -2*l - 0*l, 0 = -5*m + 4*l + 200. Suppose 0 = -y + p + 18, -278*y - 42 = -283*y - 3*p. Calculate the remainder when m is divided by y.
8
Calculate the remainder when -58*(-4 - -2)*(-185)/(-20) is divided by 215.
213
Let f = 665 + -373. What is the remainder when f is divided by 649/44*(-20 + 34 + -10)?
56
Suppose -17 + 9 = 4*j, -4*j + 512 = 4*g. Suppose 3*c + c - 12 = 0. Let z = 30 + c. Calculate the remainder when g is divided by z.
31
Let g(c) = c**2 + 6. Let u be g(0). Let f be (-3)/u - (-39)/(-2). Calculate the remainder when 45 is divided by ((-54)/10)/(6/f).
9
Suppose 2 - 13 = -w. Let x(b) = 7*b**2 + 41*b - 14. Let j be (-94)/14 - 214/749. What is the remainder when x(j) is divided by w?
9
Let w = -46 - -63. Let m(u) = u + 30. What is the remainder when 185 is divided by m(w)?
44
Suppose 17*k + 52 = 21*k. Let t(h) = 12*h + h**2 - 26 - 16 + 58. Calculate the remainder when t(-12) is divided by k.
3
Let r(f) be the second derivative of f**5/20 - 4*f**3/3 + 3*f**2/2 - 116*f. Calculate the remainder when r(6) is divided by 36.
27
Suppose p = 5*r - 61, 413*r = 415*r + p - 23. What is the remainder when (-1598)/(-14) + 3/(-21) is divided by r?
6
Let n(t) = t**3 + 13*t**2 + 21*t + 16. Let l be n(-7). Suppose -5*h - 263 = 52. Let w = l + h. Calculate the remainder when w is divided by 17.
15
Let b(u) = 2*u**2 - 5*u - 992. Calculate the remainder when b(-25) is divided by 84.
47
Let w be (18/(-15))/(((-8)/870)/4). Suppose 12*k + 6*k = w. What is the remainder when k is divided by 0*2/(-4) + 3?
2
Suppose 161*s + 13*s - 216804 = 0. What is the remainder when s is divided by 216?
166
Let o(g) = g**2 + 12*g - 14. What is the remainder when ((-9)/(-4))/(261/28884) is divided by o(-14)?
11
Let m = -13 + 1. Let y be (6/m)/((-1)/98). Let w = y + -39. Calculate the remainder when w is divided by 7.
3
Let n = 15 - 6. Suppose 2*h - 46 = h - 3*z, 4*h + 2*z - 174 = 0. Let a = 60 - h. Calculate the remainder when a is divided by n.
8
Suppose 2*y - 4*y + 12 = 0. Suppose 424 - 82 = y*t. Let k(h) = h + 8. What is the remainder when t is divided by k(8)?
9
Let w(t) = 8*t**3 - t**2 + 13*t + 12 - 10*t**3 - t**2 - 5*t**2. Let q be w(-6). Suppose -4*m + q = -m. Calculate the remainder when 72 is divided by m.
34
Let x(n) = -2*n**2 + 21*n + 10. Let q be x(16). Let c = 172 + q. Calculate the remainder when 221 is divided by c.
5
Suppose 0 = 8*k - 2*k + 18. What is the remainder when 17 is divided by 488/56 - k*(-4)/(-42)?
8
Let a be 3 + (19 - (1 + 6)). Let f(s) = -s**3 + 14*s**2 + 38*s + 3. Calculate the remainder when f(a) is divided by 50.
48
Let u = 64 - -44. Suppose -4*s + 2*s - u = -h, -5*s - 216 = -2*h. Calculate the remainder when (h/21)/((-21)/(-196)) is divided by 27.
21
Suppose 4*a = d + 10975, 7*a - 2*a - 13718 = 2*d. Calculate the remainder when a is divided by 110.
104
Let o = -2587 + 2922. Calculate the remainder when o is divided by 68.
63
Let i(n) = 146*n - 2179. What is the remainder when 380 is divided by i(15)?
6
Let l(b) = b**2 + 2*b + 207. Suppose -19*r + 25*r = 0. What is the remainder when l(r) is divided by 42?
39
Let w(a) = -a**3 - 2*a**2 + 2*a - 2. Calculate the remainder when w(-5) is divided by (8 + 0 - -15 - -1)/1.
15
Suppose 21*c - 8944 = -57*c - 8*c. What is the remainder when 238 is divided by c?
30
Suppose 5*b = l + 22664, 92*b = 96*b + l - 18133. What is the remainder when b is divided by 28?
25
Let v(g) = g**2 + 26*g + 364. Calculate the remainder when v(-20) is divided by 133.
111
Let t = 38 + -47. Let q(s) = -s**3 - 8*s**2 + 5*s. Let c be q(t). Suppose c = 2*v - 4. What is the remainder when 38 is divided by v?
18
Suppose -4*w = 3*p - 332, 3*w - 66 = -p + 38. Suppose -a + y + p = 5*y, -2*y = -5*a + 470. What is the remainder when a is divided by 25?
21
Suppose 0 = 2*c - 6, n - 3*c - 26 = -4*c. What is the remainder when 58 is divided by n?
12
Calculate the remainder when (2/2 - -9028)/((-214)/(-214)) is divided by 14.
13
Let p(k) = k**3 - 10*k**2 + 61*k - 918. Calculate the remainder when 304 is divided by p(12).
100
Suppose -3*j - 293 = -2*c + 2*j, -5*c + 4*j = -775. Let p = c + -131. Calculate the remainder when p is divided by 24.
4
Suppose k = 4*q - 100, 3*q + 47*k - 75 = 50*k. Calculate the remainder when q is divided by 14.
11
Let o(l) = 33*l - 4 - 15*l + 6*l + 32*l. Let x be o(4). Let v = x + -110. What is the remainder when v is divided by 29?
23
Let o(d) = -d**3 + 6*d**2 + 26*d - 91. Calculate the remainder when o(7) is divided by 35.
7
Suppose 246 = 3*w + 84. Suppose 4*n - 2*k - 670 = 0, -n - 3*k = -34 - 151. What is the remainder when n is divided by w?
8
Suppose 12*s = 11*s - 15*s + 1968. What is the remainder when 370 is divided by s?
1
Suppose 9*h - 7*h = 670. Let f = h + -209. What is the remainder when f is divided by 48?
30
Suppo